{"id":2,"date":"2026-01-31T22:26:13","date_gmt":"2026-01-31T21:26:13","guid":{"rendered":"http:\/\/e-kancelaria24.pl\/?page_id=2"},"modified":"2026-02-01T00:26:47","modified_gmt":"2026-01-31T23:26:47","slug":"przykladowa-strona","status":"publish","type":"page","link":"https:\/\/e-kancelaria24.pl\/?page_id=2","title":{"rendered":"Przyk\u0142adowa strona"},"content":{"rendered":"\n<div class=\"wp-block-group alignfull is-content-justification-center\" style=\"margin-top:0;margin-bottom:0;padding-top:calc( 0.5 * var(--wp--style--root--padding-right, var(--wp--custom--gap--horizontal)));padding-right:var(--wp--style--root--padding-right, var(--wp--custom--gap--horizontal));padding-bottom:calc( 0.5 * var(--wp--style--root--padding-right, var(--wp--custom--gap--horizontal)));padding-left:var(--wp--style--root--padding-left, var(--wp--custom--gap--horizontal))\"><div class=\"wp-block-group__inner-container is-layout-constrained wp-container-core-group-is-layout-b073b61b wp-block-group-is-layout-constrained\">\n<div style=\"height:calc( 0.25 * var(--wp--style--root--padding-right, var(--wp--custom--gap--horizontal)))\" aria-hidden=\"true\" class=\"wp-block-spacer\"><\/div>\n\n\n\n<div class=\"wp-block-group alignwide\"><div class=\"wp-block-group__inner-container is-layout-constrained wp-block-group-is-layout-constrained\">\n<h2 class=\"wp-block-heading alignfull has-text-align-left\" style=\"font-style:normal\">Nasze us\u0142ugi<\/h2>\n<\/div><\/div>\n\n\n\n<div style=\"height:var(--wp--preset--spacing--20)\" aria-hidden=\"true\" class=\"wp-block-spacer\"><\/div>\n\n\n\n<div class=\"wp-block-columns alignwide is-layout-flex wp-container-core-columns-is-layout-41e3e26a wp-block-columns-is-layout-flex\">\n<div class=\"wp-block-column is-layout-flow wp-block-column-is-layout-flow\">\n<figure class=\"wp-block-image size-large\"><img decoding=\"async\" src=\"https:\/\/e-kancelaria24.pl\/wp-content\/plugins\/woocommerce\/assets\/images\/pattern-placeholders\/table-wood-house-chair-floor-window.jpg\" alt=\"\" class=\"wp-image-13699\" style=\"aspect-ratio:4\/3;object-fit:cover\"\/><\/figure>\n\n\n\n<div style=\"height:4px\" aria-hidden=\"true\" class=\"wp-block-spacer\"><\/div>\n\n\n\n<div class=\"wp-block-group\"><div class=\"wp-block-group__inner-container is-layout-flow wp-block-group-is-layout-flow\">\n<h3 class=\"wp-block-heading is-service-name has-medium-font-size\" style=\"font-style:normal;font-weight:700\">Stw\u00f3rz cokolwiek<\/h3>\n<\/div><\/div>\n\n\n\n<p class=\"is-service-description\">Poruszaj\u0105c si\u0119 po skomplikowanej tkaninie \u017cycia, wybory rozwijaj\u0105 \u015bcie\u017cki do niezwyk\u0142ych, wymagaj\u0105cych kreatywno\u015bci, ciekawo\u015bci i odwagi, aby podr\u00f3\u017c by\u0142a naprawd\u0119 satysfakcjonuj\u0105ca.<\/p>\n<\/div>\n\n\n\n<div class=\"wp-block-column is-layout-flow wp-block-column-is-layout-flow\">\n<figure class=\"wp-block-image size-large\"><img decoding=\"async\" src=\"https:\/\/e-kancelaria24.pl\/wp-content\/plugins\/woocommerce\/assets\/images\/pattern-placeholders\/hand-light-architecture-wood-white-house.jpg\" alt=\"\" class=\"wp-image-13707\" style=\"aspect-ratio:4\/3;object-fit:cover\"\/><\/figure>\n\n\n\n<div style=\"height:4px\" aria-hidden=\"true\" class=\"wp-block-spacer\"><\/div>\n\n\n\n<div class=\"wp-block-group\"><div class=\"wp-block-group__inner-container is-layout-flow wp-block-group-is-layout-flow\">\n<h3 class=\"wp-block-heading is-service-name has-medium-font-size\" style=\"font-style:normal;font-weight:700\">Stw\u00f3rz cokolwiek<\/h3>\n<\/div><\/div>\n\n\n\n<p class=\"is-service-description\">Poruszaj\u0105c si\u0119 po skomplikowanej tkaninie \u017cycia, wybory rozwijaj\u0105 \u015bcie\u017cki do niezwyk\u0142ych, wymagaj\u0105cych kreatywno\u015bci, ciekawo\u015bci i odwagi, aby podr\u00f3\u017c by\u0142a naprawd\u0119 satysfakcjonuj\u0105ca.<\/p>\n<\/div>\n\n\n\n<div class=\"wp-block-column is-layout-flow wp-block-column-is-layout-flow\">\n<figure class=\"wp-block-image size-large\"><img decoding=\"async\" src=\"https:\/\/e-kancelaria24.pl\/wp-content\/plugins\/woocommerce\/assets\/images\/pattern-placeholders\/Image-table-wood-chair-stool-interior-restaurant.jpg\" alt=\"\" class=\"wp-image-13699\" style=\"aspect-ratio:4\/3;object-fit:cover\"\/><\/figure>\n\n\n\n<div style=\"height:4px\" aria-hidden=\"true\" class=\"wp-block-spacer\"><\/div>\n\n\n\n<div class=\"wp-block-group\"><div class=\"wp-block-group__inner-container is-layout-flow wp-block-group-is-layout-flow\">\n<h3 class=\"wp-block-heading is-service-name has-medium-font-size\" style=\"font-style:normal;font-weight:700\">Stw\u00f3rz cokolwiek<\/h3>\n<\/div><\/div>\n\n\n\n<p class=\"is-service-description\">Poruszaj\u0105c si\u0119 po skomplikowanej tkaninie \u017cycia, wybory rozwijaj\u0105 \u015bcie\u017cki do niezwyk\u0142ych, wymagaj\u0105cych kreatywno\u015bci, ciekawo\u015bci i odwagi, aby podr\u00f3\u017c by\u0142a naprawd\u0119 satysfakcjonuj\u0105ca.<\/p>\n<\/div>\n<\/div>\n\n\n\n<div style=\"height:calc( 0.25 * var(--wp--style--root--padding-right, var(--wp--custom--gap--horizontal)))\" aria-hidden=\"true\" class=\"wp-block-spacer\"><\/div>\n<\/div><\/div>\n\n\n\n<div class=\"wp-block-group alignfull is-content-justification-center\" style=\"margin-top:0;margin-bottom:0;padding-top:calc( 0.5 * var(--wp--style--root--padding-right, var(--wp--custom--gap--horizontal)));padding-right:var(--wp--style--root--padding-right, var(--wp--custom--gap--horizontal));padding-bottom:calc( 0.5 * var(--wp--style--root--padding-right, var(--wp--custom--gap--horizontal)));padding-left:var(--wp--style--root--padding-left, var(--wp--custom--gap--horizontal))\"><div class=\"wp-block-group__inner-container is-layout-constrained wp-container-core-group-is-layout-b073b61b wp-block-group-is-layout-constrained\">\n<div style=\"height:calc( 0.25 * var(--wp--style--root--padding-right, var(--wp--custom--gap--horizontal)))\" aria-hidden=\"true\" class=\"wp-block-spacer\"><\/div>\n\n\n\n<div class=\"wp-block-group alignwide\"><div class=\"wp-block-group__inner-container is-layout-constrained wp-block-group-is-layout-constrained\">\n<h2 class=\"wp-block-heading alignfull has-text-align-left\" style=\"font-style:normal;font-weight:100\"><\/h2>\n<\/div><\/div>\n\n\n\n<div style=\"height:var(--wp--preset--spacing--20)\" aria-hidden=\"true\" class=\"wp-block-spacer\"><\/div>\n\n\n\n<div class=\"wp-block-columns alignwide is-layout-flex wp-container-core-columns-is-layout-41e3e26a wp-block-columns-is-layout-flex\">\n<div class=\"wp-block-column is-layout-flow wp-block-column-is-layout-flow\">\n\n\n<div style=\"height:4px\" aria-hidden=\"true\" class=\"wp-block-spacer\"><\/div>\n\n\n\n<div class=\"wp-block-group\"><div class=\"wp-block-group__inner-container is-layout-flow wp-block-group-is-layout-flow\">\n<h3 class=\"wp-block-heading is-service-name has-medium-font-size\" style=\"font-style:normal;font-weight:700\">Stw\u00f3rz cokolwiek<\/h3>\n<\/div><\/div>\n\n\n\n<p class=\"is-service-description\">Poruszaj\u0105c si\u0119 po skomplikowanej tkaninie \u017cycia, wybory rozwijaj\u0105 \u015bcie\u017cki do niezwyk\u0142ych, wymagaj\u0105cych kreatywno\u015bci, ciekawo\u015bci i odwagi, aby podr\u00f3\u017c by\u0142a naprawd\u0119 satysfakcjonuj\u0105ca.<\/p>\n<\/div>\n\n\n\n<div class=\"wp-block-column is-layout-flow wp-block-column-is-layout-flow\">\n<figure class=\"wp-block-image size-large\"><img decoding=\"async\" src=\"https:\/\/e-kancelaria24.pl\/wp-content\/plugins\/woocommerce\/assets\/images\/pattern-placeholders\/hand-light-architecture-wood-white-house.jpg\" alt=\"\" class=\"wp-image-13707\" style=\"aspect-ratio:4\/3;object-fit:cover\"\/><\/figure>\n\n\n\n<div style=\"height:4px\" aria-hidden=\"true\" class=\"wp-block-spacer\"><\/div>\n\n\n\n<div class=\"wp-block-group\"><div class=\"wp-block-group__inner-container is-layout-flow wp-block-group-is-layout-flow\">\n<h3 class=\"wp-block-heading is-service-name has-medium-font-size\" style=\"font-style:normal;font-weight:700\">Stw\u00f3rz cokolwiek<\/h3>\n<\/div><\/div>\n\n\n\n<p class=\"is-service-description\">Poruszaj\u0105c si\u0119 po skomplikowanej tkaninie \u017cycia, wybory rozwijaj\u0105 \u015bcie\u017cki do niezwyk\u0142ych, wymagaj\u0105cych kreatywno\u015bci, ciekawo\u015bci i odwagi, aby podr\u00f3\u017c by\u0142a naprawd\u0119 satysfakcjonuj\u0105ca.<\/p>\n<\/div>\n\n\n\n<div class=\"wp-block-column is-layout-flow wp-block-column-is-layout-flow\">\n<figure class=\"wp-block-image size-large\"><img decoding=\"async\" src=\"https:\/\/e-kancelaria24.pl\/wp-content\/plugins\/woocommerce\/assets\/images\/pattern-placeholders\/Image-table-wood-chair-stool-interior-restaurant.jpg\" alt=\"\" class=\"wp-image-13699\" style=\"aspect-ratio:4\/3;object-fit:cover\"\/><\/figure>\n\n\n\n<div style=\"height:4px\" aria-hidden=\"true\" class=\"wp-block-spacer\"><\/div>\n\n\n\n<div class=\"wp-block-group\"><div class=\"wp-block-group__inner-container is-layout-flow wp-block-group-is-layout-flow\">\n<h3 class=\"wp-block-heading is-service-name has-medium-font-size\" style=\"font-style:normal;font-weight:700\">Stw\u00f3rz cokolwiek<\/h3>\n<\/div><\/div>\n\n\n\n<p class=\"is-service-description\">Poruszaj\u0105c si\u0119 po skomplikowanej tkaninie \u017cycia, wybory rozwijaj\u0105 \u015bcie\u017cki do niezwyk\u0142ych, wymagaj\u0105cych kreatywno\u015bci, ciekawo\u015bci i odwagi, aby podr\u00f3\u017c by\u0142a naprawd\u0119 satysfakcjonuj\u0105ca.<\/p>\n<\/div>\n<\/div>\n\n\n\n<div style=\"height:calc( 0.25 * var(--wp--style--root--padding-right, var(--wp--custom--gap--horizontal)))\" aria-hidden=\"true\" class=\"wp-block-spacer\"><\/div>\n<\/div><\/div>\n","protected":false},"excerpt":{"rendered":"<p>Nasze us\u0142ugi Stw\u00f3rz cokolwiek Poruszaj\u0105c si\u0119 po skomplikowanej tkaninie \u017cycia, wybory rozwijaj\u0105 \u015bcie\u017cki do niezwyk\u0142ych, wymagaj\u0105cych kreatywno\u015bci, ciekawo\u015bci i odwagi, aby podr\u00f3\u017c by\u0142a naprawd\u0119 satysfakcjonuj\u0105ca. Stw\u00f3rz cokolwiek Poruszaj\u0105c si\u0119 po skomplikowanej tkaninie \u017cycia, wybory rozwijaj\u0105 \u015bcie\u017cki do niezwyk\u0142ych, wymagaj\u0105cych kreatywno\u015bci, ciekawo\u015bci i odwagi, aby podr\u00f3\u017c by\u0142a naprawd\u0119 satysfakcjonuj\u0105ca. Stw\u00f3rz cokolwiek Poruszaj\u0105c si\u0119 po skomplikowanej tkaninie [&hellip;]<\/p>\n","protected":false},"author":1,"featured_media":0,"parent":0,"menu_order":0,"comment_status":"closed","ping_status":"open","template":"","meta":{"footnotes":""},"class_list":["post-2","page","type-page","status-publish","hentry"],"jetpack_sharing_enabled":true,"_links":{"self":[{"href":"https:\/\/e-kancelaria24.pl\/index.php?rest_route=\/wp\/v2\/pages\/2","targetHints":{"allow":["GET"]}}],"collection":[{"href":"https:\/\/e-kancelaria24.pl\/index.php?rest_route=\/wp\/v2\/pages"}],"about":[{"href":"https:\/\/e-kancelaria24.pl\/index.php?rest_route=\/wp\/v2\/types\/page"}],"author":[{"embeddable":true,"href":"https:\/\/e-kancelaria24.pl\/index.php?rest_route=\/wp\/v2\/users\/1"}],"replies":[{"embeddable":true,"href":"https:\/\/e-kancelaria24.pl\/index.php?rest_route=%2Fwp%2Fv2%2Fcomments&post=2"}],"version-history":[{"count":2,"href":"https:\/\/e-kancelaria24.pl\/index.php?rest_route=\/wp\/v2\/pages\/2\/revisions"}],"predecessor-version":[{"id":45,"href":"https:\/\/e-kancelaria24.pl\/index.php?rest_route=\/wp\/v2\/pages\/2\/revisions\/45"}],"wp:attachment":[{"href":"https:\/\/e-kancelaria24.pl\/index.php?rest_route=%2Fwp%2Fv2%2Fmedia&parent=2"}],"curies":[{"name":"wp","href":"https:\/\/api.w.org\/{rel}","templated":true}]}}